36050 (base 10) in base 7?
21414626
Convert -6c68b (base 16) to base 4.
-1230122023
What is 11004713 (base 8) in base 2?
1001000000100111001011
What is -1022200121210 (base 3) in base 5?
-134434410
-141523125 (base 6) to base 8
-13010775
22100123023 (base 4) to base 16
2906cb
Convert -111100001110100101010 (base 2) to base 9.
-3637168
-1243205 (base 7) to base 14
-43075
16bc26 (base 14) to base 8
3034172
6842856 (base 11) to base 4
231230303331
Convert -1155051 (base 6) to base 2.
-1111001001000111
14327431 (base 8) to base 11
1924391
What is 12b5a (base 16) in base 14?
1dcdc
Convert -158461 (base 9) to base 3.
-11222112001
Convert -787b1 (base 14) to base 5.
-33324031
Convert 71497a (base 11) to base 3.
2011100102222
What is 201000201 (base 4) in base 15?
2a0d6
2213021 (base 7) to base 2
1000010011111100101
-10507a2 (base 11) to base 5
-433030400
What is -1738a5 (base 13) in base 2?
-10001101011011100010
Convert 667a04 (base 12) to base 6.
54542404
Convert -10212122121 (base 3) to base 9.
-125577
-23212222202 (base 4) to base 6
-145111042
Convert -761ff (base 16) to base 11.
-300574
Convert -3897a77 (base 11) to base 15.
-8d39d1
What is 3671 (base 12) in base 2?
1011111110101
What is 112320303321 (base 4) in base 7?
101666214
Convert -25b32c (base 13) to base 7.
-10510235
Convert 14521 (base 9) to base 5.
304101
What is 1410201 (base 6) in base 15?
186a4
Convert -4dc8 (base 14) to base 8.
-32604
Convert -332125 (base 8) to base 6.
-2221045
What is 1b33d (base 15) in base 16?
159a3
What is 219a0b (base 15) in base 7?
16421405
Convert 23131032 (base 5) to base 14.
55c83
-bb458 (base 12) to base 11
-15a156
553714 (base 11) to base 14
18dc9d
What is 1689b (base 15) in base 13?
271b8
-2b840 (base 12) to base 6
-1153320
Convert -27057 (base 16) to base 15.
-32556
-1138443 (base 10) to base 8
-4257413
What is -124875 (base 11) in base 10?
-196707
a1a189 (base 11) to base 9
3066754
-1220103213 (base 6) to base 10
-14005305
What is 41573 (base 10) in base 9?
63022
What is -2061418 (base 9) in base 15?
-16bd98
What is -a6344 (base 16) in base 7?
-5533521
-8ea3 (base 16) to base 5
-2132030
ca2aa (base 16) to base 8
3121252
-2313231230 (base 4) to base 13
-204680
What is -300001413 (base 5) in base 14?
-227220
What is 46324 (base 14) in base 12?
82990
-3220121 (base 5) to base 6
-1055523
Convert -33405523 (base 7) to base 3.
-12102222011001
Convert -110475 (base 8) to base 9.
-56002
Convert -22010000 (base 5) to base 16.
-2dedd
Convert 732a8b (base 12) to base 11.
1026178
Convert -2021332112 (base 5) to base 7.
-46522125
What is -74a570 (base 11) in base 2?
-100100100111100101001
caf7 (base 16) to base 15
105de
Convert -2101102010121 (base 3) to base 8.
-4654164
-40240441 (base 5) to base 14
-85191
What is 302033213000 (base 4) in base 15?
125285b
What is -2060138 (base 10) in base 16?
-1f6f6a
23420243 (base 5) to base 15
44433
What is 15aba (base 12) in base 3?
1120110121
What is -11682135 (base 9) in base 10?
-5722763
-201220211 (base 3) to base 7
-60223
What is -53336 (base 12) in base 3?
-12112222120
-1111011011110101001011 (base 2) to base 7
-46251241
What is 254075 (base 9) in base 3?
21211002112
-1654630 (base 7) to base 11
-149496
Convert 106005 (base 10) to base 14.
2a8bb
What is -114a57 (base 12) in base 10?
-277987
What is 10011101000000110100011 (base 2) in base 14?
97cdd9
Convert 14428 (base 12) to base 7.
145244
Convert 507127 (base 10) to base 12.
205587
Convert -2c6387 (base 13) to base 15.
-16a9e8
What is -221052 (base 10) in base 13?
-79800
226063a (base 11) to base 9
7385574
What is -2030200 (base 6) in base 9?
-157380
-251426 (base 7) to base 10
-46178
Convert 10430113 (base 5) to base 6.
1552221
What is -12021201110 (base 3) in base 11?
-71195
21151154 (base 7) to base 14
349ad4
What is -89646 (base 10) in base 13?
-31a5b
324ec (base 15) to base 5
20102442
What is -4a92a (base 13) in base 8?
-415053
-330527 (base 8) to base 9
-178151
Convert 30304014 (base 7) to base 11.
1473161
Convert -2052107 (base 9) to base 3.
-2001202010021
What is -222522103 (base 6) in base 13?
-abc53a
Convert -15102633 (base 7) to base 2.
-101011101000001011111
What is -10234131 (base 5) in base 14?
-238b5
Convert 15154631 (base 7) to base 12.
5967a8
-321122213201 (base 4) to base 8
-71324741
-21502101 (base 6) to base 7
-5330011
Convert 6173a (base 13) to base 9.
285686
Convert -b849 (base 12) to base 16.
-4ef9
What is 5acbc8 (base 14) in base 6?
150343220
1143202 (base 5) to base 3
1002201212
What is 686983 (base 13) in base 12?
9b2014
-8b121 (base 13) to base 15
-4edbb
Convert 20003422 (base 6) to base 7.
4523426
Convert -23996a (base 14) to base 15.
-190ad5
-2301541 (base 6) to base 5
-12221221
What is -56490a (base 11) in base 10?
-899524
What is -7b0b9 (base 15) in base 11?
-2482a8
23b25 (base 14) to base 11
5a611
3012042 (base 5) to base 14
135a4
What is -58350b (base 16) in base 3?
-101212200200202
Convert -1141122403 (base 5) to base 7.
-31515336
What is -2221202021 (base 3) in base 6?
-1125054
What is 13122330220 (base 4) in base 7?
22351450
What is -17429 (base 13) in base 6?
-542415
What is 17fe3 (base 16) in base 9?
158724
What is 81a9c (base 15) in base 10?
410772
Convert 44343 (base 16) to base 6.
5553203
22102122000 (base 3) to base 16
28836
2805c (base 14) to base 12
4926a
Convert 140a31 (base 14) to base 7.
5615561
Convert -50c1c (base 13) to base 9.
-240633
What is -10021400 (base 5) in base 16?
-136f0
What is 3312353 (base 8) in base 9?
1605870
Convert 243112 (base 6) to base 3.
1002101122
-3d3625 (base 14) to base 16
-206251
-60a99 (base 16) to base 9
-663101
Convert -27a1311 (base 12) to base 2.
-11110001110011001111101
Convert 100011111000101 (base 2) to base 6.
221021
-151344 (base 7) to base 13
-10476
Convert -1210a73 (base 11) to base 13.
-58b2a6
Convert 211011110110020 (base 3) to base 2.
101100111011110110111000
What is 15239b (base 14) in base 11?
463068
What is 21202210010 (base 3) in base 7?
1204602
What is -a17aa (base 11) in base 13?
-528c1
2570612 (base 8) to base 13
1c159a
Convert -63145542 (base 7) to base 8.
-24233556
Convert 20110132132 (base 4) to base 2.
1000010100011110011110
-44175 (base 12) to base 11
-6175a
-101100001011000000 (base 2) to base 9
-305161
Convert -13244101 (base 5) to base 3.
-20211012012
What is -1431433000 (base 5) in base 15?
-4ea1a0
Convert 1001202022002 (base 3) to base 11.
357205
Convert 30011012 (base 4) to base 15.
e9d8
What is -6465541 (base 7) in base 5?
-200231032
Convert -12211233131 (base 4) to base 15.
-241c88
Convert 5b9c32 (base 13) to base 2.
1000010111010001011110
Convert -10011121100 (base 3) to base 13.
-22536
Convert 2112224120 (base 5) to base 12.
158a691
-1133223312 (base 4) to base 3
-201220121210
-334832 (base 11) to base 6
-15233243
101112112201212 (base 3) to base 2
10101010111010111001010
54255 (base 7) to base 3
200112120
What is -46dd2 (base 16) in base 5?
-33242013
-12dc26 (base 16) to base 13
-343785
Convert -1cb8b1c (base 13) to base 8.
-44535124
-110002322113 (base 4) to base 6
-304343451
Convert 982108 (base 12) to base 5.
1104041414
12a2894 (base 11) to base 7
25033465
What is 1430255 (base 6) in base 15?
19355
What is 425e8 (base 16) in base 11?
176275
20120022112 (base 3) to base 10
129263
Convert -222466566 (base 7) to base 16.
-cdeea3
1a1668 (base 16) to base 2
110100001011001101000
What is 65e9ec (base 15) in base 5?
2220440442
-11213542 (base 7) to base 2
-11101110111001001111
Convert -5074207 (base 8) to base 12.
-54845b
Convert 1333233301 (base 5) to base 12.
118820a
2143631 (base 7) to base 4
1000032032
-75d6cc (base 15) to base 16
-55aa57
1011110110110000110000 (base 2) to base 7
35262620
2000301011 (base 5) to base 7
45166125
What is -1512252 (base 6) in base 15?
-1ad48
Convert 431ac (base 15) to base 7.
1545012
Convert -66761 (base 10) to base 13.
-24506
125984 (base 11) to base 13
6c27a
Convert 1025602 (base 9) to base 2.
10000101111101011000
What is -6615a6 (base 12) in base 9?
-3038170
What is 570c9 (base 13) in base 10?
158349
-51507 (base 12) to base 10
-106135
-130444114 (base 7) to base 5
-4112014234
Convert 57766 (base 12) to base 5.
12214422
-430695 (base 10) to base 11
-274651
113224 (base 12) to base 10
275068
What is -1152524 (base 6) i